ose 2*z - 1333 = -b - 72, 0 = 5*b + 5*z - 6315. What is the hundreds digit of b?
2
Suppose -3*u - 5*s = -5081 - 5717, 4*u + 2*s - 14402 = 0. What is the units digit of u?
1
Suppose 14*w - 6081 = 289. What is the hundreds digit of w?
4
Suppose 2*i + 3*r = 40, 5*i + r - 109 = -9. Suppose 10 = -2*p + 2, -3*p - 17 = -n. Suppose 5*z + 5*q = 40, -z - n*q + i = -q. What is the units digit of z?
4
Suppose a - 4934 = -5*r, 149*a - 145*a - 3*r - 19851 = 0. What is the tens digit of a?
5
Suppose -7*b + 43 = 246. Let h be 0/2 - (6 - 3). What is the tens digit of 3 + 2 + h - b?
3
Let p(l) be the first derivative of 37*l**4/24 - l**3/6 - 3*l**2/2 - 3. Let u(c) be the second derivative of p(c). What is the units digit of u(1)?
6
Suppose d + 2*p + 49 = 0, 3*d + 47 = 2*d - 3*p. Let r = -84 + 57. Let s = r - d. What is the tens digit of s?
2
Let v = 96 - 65. Suppose -v*p + 415 = -26*p. What is the units digit of p?
3
Suppose f = 2*q - 31 + 9, 3*f = 6. Suppose -20 = -5*i - 0, 0 = -3*y + i + 185. Let g = y - q. What is the units digit of g?
1
Suppose -3*p = 4*w - 3914, w + 4*p = 423 + 562. What is the tens digit of w?
7
Let a = -294 - -384. What is the tens digit of a?
9
Let p = 56 - 51. Suppose -2*v + q + q + 664 = 0, -p*q - 1004 = -3*v. What is the hundreds digit of v?
3
Suppose 2*w - m + 8 = -w, 3*w - 3*m = -6. Let k(n) = 8*n**2 - 3. What is the tens digit of k(w)?
6
Let a(o) = 9*o**2 - o + 3. Let h = 55 - 53. What is the units digit of a(h)?
7
Let k(c) = -c**3 + 8*c**2 + 5*c + 8. Let m be k(7). Suppose -m = -2*x + 58. What is the tens digit of x?
7
Suppose 4*t = -3*p - 79 + 630, 5*t = 5*p - 860. Let d = p + -77. Let f = -35 + d. What is the units digit of f?
5
What is the units digit of 1402 - ((-2)/(-8) - 12/(-16))?
1
Suppose -5*s = 2*d - 5, 4*d - 70 = 4*s - 2*s. Let z(h) = -4*h**2 + 0*h + 2*h + 3*h**2 + 16 + 13*h. What is the tens digit of z(d)?
1
Suppose -5*t + i = 2*i + 15, 0 = i - 5. Let a be (-21)/(t + 51/12). What is the units digit of 1/6 + (-154)/a?
2
Let d(n) = -2*n + 45. Let s(x) = 3*x - 89. Let m(z) = 9*d(z) + 4*s(z). What is the units digit of m(-14)?
3
Let q(y) = y**3 - 11*y**2 - 3*y + 10. Let p be q(11). Let a = 28 - p. Suppose w = 4*b - a, 3*b - 2*w = -0*w + 32. What is the units digit of b?
4
Let l be 0/(1/((-3)/3)). Suppose -t + 4 = 4*a + t, l = 5*a + 3*t - 5. What is the units digit of (a - 0)/((-15)/(-945))?
3
Let h = 304 + 29. Suppose 3*z + 4*d - 281 = 0, -4*z + 2*d = -d - h. What is the units digit of z?
7
Let d be 1*(-2)/((-2)/79). Let j(u) = 2*u**2 - 68*u - 39. Let o be j(34). Let x = d + o. What is the tens digit of x?
4
Let i = 116 - -49. Suppose 0 = 2*t - 0*t - 3*k - i, -4*t + 2*k = -318. What is the units digit of t?
8
Suppose 2*s = 3*k - 25, 2*s + 15 = -4*k - 17. What is the tens digit of ((-4)/s)/((-1)/(-119))?
3
Suppose -2*q + 3*f - 2*f = -774, -f = 4. What is the tens digit of q?
8
Suppose -6*k + g + 4 = -2*k, 5*k + 3*g - 22 = 0. Suppose -14 = -k*z + 12. Let s = z - 2. What is the tens digit of s?
1
Let a = -24 + 24. Let v(j) = 11 + 2*j**2 - 3*j**2 - 3*j + 3*j - 2*j. What is the units digit of v(a)?
1
Let d(b) = -360*b**3 + 19*b**2 + 19*b. What is the hundreds digit of d(-1)?
3
Let q be (6/(-9))/(((-76)/(-24))/19). Let c(r) = r - 1. Let y be c(2). What is the units digit of y*q - (-46 + -12)?
4
Let c = -855 + 1322. What is the hundreds digit of c?
4
Let q be ((-80)/6)/((-8)/60). Let k be (6/(-15))/(2/q). What is the units digit of 12/k + (-346)/(-10)?
4
Let p(k) = 49*k**2 - 47*k + 206. What is the hundreds digit of p(4)?
8
Suppose -120 = 2*r - 4*r. Suppose 6*d = -r - 18. What is the units digit of (-47 - -1)*(d + 12)?
6
Let y = -68 + 36. What is the tens digit of (-11)/(44/y)*33?
6
Suppose -22*x - 34528 = -125872. What is the thousands digit of x?
4
Let w(s) be the second derivative of -s**5/20 - 13*s**4/12 + 2*s**3 - 9*s**2/2 + 4*s. Let m = 16 - 30. What is the tens digit of w(m)?
1
Suppose -2*u = u - 1404. Suppose -j + 236 = 2*q - 3*q, 3*q + u = 2*j. What is the tens digit of j?
4
Let d(s) = -22*s + 248. Let t be d(11). Let a(n) = 2*n. Let b be a(-2). What is the tens digit of t*-7*b/8?
2
Let k = 4 - 4. Let l(t) = -t**2 - 12*t - 9. Let b be l(-11). Suppose b*r = -k*r + 56. What is the tens digit of r?
2
Let j(b) = 287*b - 2. What is the hundreds digit of j(2)?
5
Let h(q) be the second derivative of 71*q**5/20 + q**4/12 - q**3/6 + q**2/2 + q. Let j be h(1). Suppose 0 = -z - 3*z + j. What is the units digit of z?
8
Let f(p) = p**3 - 3*p**2 - 2*p + 2. Let t be f(4). Suppose -t*d + 564 = -4*d. What is the units digit of d?
4
Let f be 2/2 + 1 - 1. Suppose -4*t + 7 = -f. Suppose z - t*z = -2. What is the units digit of z?
2
Suppose 0 = -3*s - s + 20. Let x = 10 - s. What is the units digit of 357/35 + (-1)/x?
0
Suppose -76*c - 5*c + 21465 = 0. What is the units digit of c?
5
Suppose 0*b - b + 4*d = 14, 2*b + 22 = 2*d. Let y = -8 - b. Suppose -44 = -2*p + y*v, 34 = -3*p - v + 112. What is the units digit of p?
5
Suppose 2*i + 0*i + 5*d + 133 = 0, -136 = 2*i + 4*d. Let h = i - -163. Suppose 4*b + 4*n - h = -n, 4*b + 4*n = 84. What is the tens digit of b?
1
Suppose -5*t + 4*v = 0, 5*t = 2*t - v. Let w be t + (0 - 4) - -159. Suppose -l + 5*u + 3 = -0, 3*u = -5*l + w. What is the tens digit of l?
2
Suppose k - 2*f = -0*f + 4, -5*k + 2*f = 4. What is the tens digit of k/7 - 745/(-35)?
2
Suppose 0 = -14*s + 16*s. Let k = 19 - s. What is the units digit of k?
9
Let v = 3 - -1. Suppose -3*l = -m - 108, -l - v*m - 99 = -4*l. What is the tens digit of l?
3
Suppose -2*n - 5 = 3. Let o be -70 - (1 + n)*1. Let z = o - -132. What is the tens digit of z?
6
Let c(z) = -13*z + 14. Let m = -67 - -63. What is the units digit of c(m)?
6
Let f(o) = o**2 + 6. Suppose l - 5*d = 44, 0 = -5*d + 3*d - 8. Suppose -7*b + l = -3*b. What is the units digit of f(b)?
2
Suppose -5*f - 146 = 54. Let i = -15 - f. Let o = i + -3. What is the tens digit of o?
2
Let n = -66 - -61. Let f(m) = -m**3 - m**2 - 7. What is the tens digit of f(n)?
9
Let b = -45 + 55. Suppose -1089 = x - b*x. What is the hundreds digit of x?
1
Let n(d) = 2*d + 3. Let g(v) = -1. Let w(o) = 5*g(o) + n(o). Let y be w(1). Suppose p + 5 - 61 = y. What is the tens digit of p?
5
Let p(o) = -o**2 - 19*o + 32. What is the tens digit of p(-10)?
2
Let j(q) = 7*q - 3. Let t(m) = -m - 1. Let l(w) = -j(w) + 4*t(w). What is the units digit of l(-7)?
6
Let k(z) = 126*z**3 + 3*z**2 + 24*z - 67. What is the thousands digit of k(3)?
3
Let s = 15 + -19. Let a be -20*(2 + 12/s). Suppose -3*t + a = -25. What is the units digit of t?
5
Let z(c) = c. Let p(d) = d + 24. Let g(b) = -p(b) - 6*z(b). What is the units digit of g(-10)?
6
Let t(j) = -j**2 + 7*j - 10. Let a be t(12). Let l = a - -136. What is the units digit of l?
6
Suppose 0 = 12*r - 1530 + 450. What is the units digit of r?
0
What is the tens digit of (-5)/2 - (-67797)/54?
5
Suppose 4*b - 1042 = -4*d + 2130, d - 803 = -3*b. Suppose 5 + 11 = -4*u, u = -4*r + d. What is the units digit of r?
8
Let n = 17 - 16. Let a be -5 + 7 + (-65 - n). What is the units digit of ((-24)/(-32))/((-2)/a)?
4
What is the hundreds digit of ((-48)/(-14))/((-54)/(-11340))?
7
Suppose -61*r + 77387 = -16797. What is the units digit of r?
4
Suppose 0 = 9*g - 12*g + 1287. What is the hundreds digit of g?
4
Let h be 10/(3 - (-1 + 2)). Let t = h + -7. What is the units digit of ((-50)/6)/(t/6)?
5
Let n be (0 + 2)/((-2)/44). Let b be (-8)/n - (-80)/44. What is the units digit of 30 + -10 - b*1?
8
Suppose 0 = 17*u - 51 - 1853. What is the hundreds digit of u?
1
Let o be (-3)/9 + (-4)/6. Let j be 408/(-3 + o)*-2. Suppose 7*w = 3*w + 4*q + j, -5*q = 2*w - 109. What is the units digit of w?
2
Let i(w) = w**3 - 6*w**2 + 11*w + 24. Let a be i(10). Suppose 7*z - 2*z - 2*v = a, 2*z + 4*v = 204. What is the tens digit of z?
0
Suppose -4*v - 8 = -0*v. Let w be (-5 + -53)*3/v. Suppose 4*r - r = w. What is the tens digit of r?
2
Suppose 0 = 23*x + 4450 - 45459. What is the hundreds digit of x?
7
Let k be 280/(-21)*(-186)/5. Suppose k + 0 = 4*g. What is the hundreds digit of g?
1
Suppose 2*u = 5*u - 2*o - 17, -12 = -2*u + 2*o. Suppose 14*g = 12*g. Suppose g*m - 5*m = 15, c + u = -4*m. What is the units digit of c?
7
Let z be 6 + (-1 - 0)*(-4 - -5). Suppose z*p - 130 = 3*p. What is the units digi